n a(d) is divided by p.
14
Suppose -2*o - 18*o = -20. Suppose 5*n - o + 110 = 2*p, 3*n + 320 = 5*p. Calculate the remainder when p is divided by 17.
16
Let t be (2/8)/((-18)/936). Let c(d) = 2*d**3 + 27*d**2 + 13*d + 23. Calculate the remainder when c(t) is divided by 13.
10
Suppose -5*g - 60 = -m - 35, 11 = g + 3*m. Let n(y) = -3*y**3 + 16 - y**2 - 5*y**2 - 5. What is the remainder when n(g) is divided by 22?
19
Let u(r) = -r**2 - 58*r - 503. What is the remainder when 545 is divided by u(-12)?
6
Suppose 2*z + 3*n - 8 = 0, 6*z - 2*z + 3*n - 16 = 0. Let x = 12 + z. Suppose 5*s - 2*s = 237. Calculate the remainder when s is divided by x.
15
Let w(k) = -412*k + 14. Let h be w(-1). Suppose 11*x - 223 = h. What is the remainder when x is divided by 8?
3
Let w(v) = v**2 - v - 4. Let y be w(3). Suppose y*n + 68 = -2*n. Let k(p) = -p - 16. What is the remainder when 3 is divided by k(n)?
0
Suppose 6*j - 49 = -61. Let c = 42 - j. Calculate the remainder when 102 is divided by c.
14
Let s = -23 - -27. Suppose 0 = s*g - z - 70, -4*g + 4*z + 78 = -z. Suppose 0 = 2*f - 4*v - 0 - 18, 2*f - g = 3*v. What is the remainder when f is divided by 3?
1
Let c(n) = -n**3 + 48*n**2 + 212*n - 75. Calculate the remainder when 523 is divided by c(52).
124
Suppose t + 175 = 3*q - 39, -q + t + 72 = 0. What is the remainder when 1489 is divided by q?
69
Let p(r) = -22 - 37 + r + 2*r - 24 - 22. Calculate the remainder when 19 is divided by p(36).
1
Let q(g) = -19 + 42 - 10 - 13 + 5*g + g**2 - 43. Suppose -5*i = 8*x - 3*x - 65, 4*x - i = 27. What is the remainder when q(-11) is divided by x?
7
Suppose 0 = 2*j - 4*q - 242, -2*q + 379 = -j + 4*j. Suppose -j*g + 231 = -114*g. What is the remainder when g is divided by 14?
7
What is the remainder when 473 is divided by -3 + 13 - ((8 - 8) + 1)?
5
Let d be ((-408)/132)/(-17) - 53/(-11). Let h = -12 + 28. Let f = d + h. What is the remainder when 41 is divided by f?
20
Let h = -589 - -345. Suppose -15 = q - 12*x + 164, 0 = 3*q + 4*x - 103. What is the remainder when 4/2 + h/(-1) is divided by q?
12
Let i be -1*(-14670)/15*2/6. Let o = i - 306. What is the remainder when 38 is divided by o?
18
Let y be (-514971)/(-351) - 2/13. What is the remainder when (22/(-33))/(3 + (-4407)/y) is divided by 21?
16
Calculate the remainder when 3358 is divided by (0 + 3)/(-3 - (-1227)/306 - 1).
298
Suppose -83*s + 12 = -89*s. What is the remainder when ((-114)/(-18))/(s/(-30)) is divided by 34?
27
Let k be (-1)/(-2) - (-15)/(-30). Suppose -5*o = 2*z + 29 - 186, k = -4*z + o + 259. Let l = -218 + 253. Calculate the remainder when z is divided by l.
31
Let h = 719 + -701. What is the remainder when 755 is divided by h?
17
Suppose -7*x - 10871 = -136*x + 1900. Calculate the remainder when 197 is divided by x.
98
Let c(t) = -t + 4. Let n be c(2). Suppose 3 = n*q - 1. Suppose 7*f - 90 = q*f. Calculate the remainder when f is divided by 4.
2
Let m(p) = 14*p**2 + 16*p + 23. Let z(w) = 30*w**2 + 31*w + 45. Let g(o) = 13*m(o) - 6*z(o). Calculate the remainder when g(-11) is divided by 10.
9
Let f(r) = 136*r**2 - 4215*r + 13. Calculate the remainder when 724 is divided by f(31).
20
Calculate the remainder when 123*1*(5/3)/5 is divided by 43/2 - (14 - 377/26).
19
Let z(m) = 1057*m**2 + 404*m - 403. What is the remainder when z(1) is divided by 59?
55
Suppose -2*u = -19*b + 16*b - 414, 828 = 4*u - 5*b. What is the remainder when u is divided by 8?
7
Let m be 6*(-1)/(-2) - (-34 - -41). Let a(t) = -45*t - 158. Let g(y) = y**2 - 5*y - 1. Calculate the remainder when a(m) is divided by g(6).
2
Let w(z) = 755*z - 209. What is the remainder when w(4) is divided by 11?
6
What is the remainder when 973 is divided by 93/18 - ((-45)/9 - (-279)/54)?
3
Suppose 2*s = -328 + 196. Calculate the remainder when 547 is divided by (s + 8 + -3)/(1 + -2).
59
Let i = 7362 + -7346. What is the remainder when (-3)/(3/(-4*15)) is divided by i?
12
Suppose 0 = 12*c - 23*c + 6413. Suppose 7*x + 324 = c. What is the remainder when x is divided by 3?
1
Suppose 5*k - 163 - 8 = -3*q, 2*q + 5*k - 114 = 0. Suppose -4*l + 47 + 9 = 0. What is the remainder when (-16)/(-152) + 3699/q is divided by l?
9
Let t = 155 + -100. Suppose -2618 + 20735 = -33*f. Let g = 556 + f. Calculate the remainder when t is divided by g.
6
Let p(t) = 2*t**2 + 152*t + 1907. Suppose -v + 4*v = 48. What is the remainder when p(-61) is divided by v?
13
Suppose 0 = 5*g + 3*y - 340, g - y = 37 + 31. Calculate the remainder when g is divided by 60.
8
Suppose -27 + 2 = -3*p - u, -3*u = 15. Calculate the remainder when 248 is divided by p.
8
Let o be (-995)/(-20) - (-6)/24. Let s(j) = 26*j + 23*j - o*j + 17 - 7*j**2 + j**3. Calculate the remainder when 35 is divided by s(7).
5
Suppose -18*r - 15931 + 24229 = -25884. Calculate the remainder when r is divided by 112.
107
Suppose -b + 2*d = 3*d - 29, -60 = -2*b - 3*d. Calculate the remainder when b is divided by ((-6)/7)/((-68)/238) + 0.
0
Let r = -31544 - -31564. Calculate the remainder when 9337 is divided by r.
17
Suppose 45*t = -26*t + 10*t + 2440. Let f = 94 - -94. What is the remainder when f is divided by t?
28
What is the remainder when 1 + 50490 + (-117)/18*(-32)/52 is divided by 12?
11
Suppose 5*a = 8 + 22. Let r be (-52 + -6)*(-3 + 2). Let q = r + -29. Calculate the remainder when q is divided by a.
5
Let d = -984 - -1550. What is the remainder when d is divided by 25?
16
Let o = 298 + -299. Let n(j) = -11*j**3 - 4*j - 5. Calculate the remainder when -1*4*(-58)/8 is divided by n(o).
9
What is the remainder when 303 is divided by -6 + -3 + 3 + (19 - 30/(-3))?
4
Let x = 39 + -37. Suppose -5*g - 2*v = -30, 0 = -2*g - g + x*v + 18. Suppose s - 1379 = -g*s. Calculate the remainder when s is divided by 40.
37
Let o(j) = 77*j - 6389. Calculate the remainder when 445 is divided by o(83).
1
Suppose 16*a + 654 = 22*a. Suppose -4*n + a = -3*m, 5*n + 2*m - 128 = 3*m. What is the remainder when n is divided by 121/(-22)*(-1 - 1)?
3
Calculate the remainder when 711 is divided by 285/(-15) + (62 - -8).
48
Suppose -4*t + 338 = -2*t. Let v = t - 63. What is the remainder when v is divided by ((-32)/24)/(3/(-81)) - 0?
34
Suppose -1760 = -45*c + 100165. What is the remainder when c is divided by 67?
54
Suppose -140 = -21*m + 70. What is the remainder when 717 is divided by m?
7
Let m(k) = -k**3 - 84*k**2 - 39*k - 2925. Calculate the remainder when 1766 is divided by m(-84).
11
Suppose 0 = -37*w + 4657 - 587. Suppose -147 = -d - w. Calculate the remainder when 114 is divided by d.
3
What is the remainder when ((-14)/(-4))/((-36)/(-12024)) is divided by 81?
35
Let g = 496 - 320. Let w = g - 158. What is the remainder when 124 is divided by w?
16
Suppose -4*n + 369 = -576 - 335. What is the remainder when n is divided by 49?
26
Let m = 2330 + -2319. Calculate the remainder when (-2)/(-8) + 1720/32 is divided by m.
10
Let i(z) = -z**3 + 18*z**2 - 52*z + 2. Calculate the remainder when i(6) is divided by 14.
10
Let c(i) = -2*i**2 - 6*i - 2. Let m be c(-3). Calculate the remainder when m/12 + (-3582)/(-108) is divided by 17.
16
Let z(j) = 63*j + 182. Let x(c) = 7*c**2 - 2*c - 1. What is the remainder when z(1) is divided by x(-2)?
28
Suppose 44 = 2*m - 0. Let n(x) = 7*x + 558. What is the remainder when n(-39) is divided by m?
21
Let g(v) = -21*v - 5. What is the remainder when g(-7) is divided by (-2)/(-2) - (-559)/13?
10
Calculate the remainder when ((-14160)/(-3))/(190/(-38) - 81/(-15)) is divided by 319.
316
Let i(k) = -2*k**2 - 7*k + 22. Let m be i(-12). Let h = m + 188. What is the remainder when 7 is divided by h?
1
Let s(l) = 7*l**2 - 174*l - 714. What is the remainder when s(-4) is divided by 48?
46
Suppose -38 = -5*d - 3*z - z, 4*d - 2*z - 46 = 0. Suppose 0 = -d*r - 314 + 2404. What is the remainder when r is divided by 42?
41
Suppose t = 44 + 63. Let g(p) be the second derivative of -p**4/12 - 2*p**3 - 7*p**2 + 50*p - 1. Calculate the remainder when t is divided by g(-6).
19
Let l be (18/(-4))/9*-6. Suppose 0 = 2*y + 13 - l. Calculate the remainder when 93 is divided by 64*1*(y + 44/8).
29
Suppose -3*d - 91 = -j - 11, 0 = 4*j + 4*d - 368. Suppose 113 - j = 2*s. Suppose -5*f + 16 = -9. Calculate the remainder when s is divided by f.
2
Let q = 2671 - 2590. Calculate the remainde